te the greatest common factor of 10245 and 2684595.
15
What is the greatest common factor of 7029 and 102673384?
781
Calculate the highest common factor of 450 and 696700.
50
What is the highest common divisor of 37022 and 768046?
214
Calculate the highest common factor of 329917 and 2673001.
6733
What is the greatest common divisor of 4980704 and 703112?
3928
Calculate the greatest common divisor of 153 and 5559102.
153
What is the highest common factor of 34 and 1887836?
2
What is the highest common divisor of 34421222 and 17794?
2542
Calculate the highest common factor of 52496 and 91088.
16
What is the highest common divisor of 528 and 1655376?
48
Calculate the highest common divisor of 39914293 and 1249.
1249
What is the greatest common factor of 25228135 and 5?
5
What is the highest common factor of 15 and 8458866?
3
What is the highest common factor of 1003 and 1454055?
59
Calculate the highest common divisor of 4191682 and 1694.
242
What is the greatest common factor of 2938352823 and 5227?
5227
What is the greatest common divisor of 15 and 2590316565?
15
Calculate the highest common divisor of 2929077 and 9.
9
Calculate the greatest common factor of 2016 and 16767.
9
What is the greatest common divisor of 11330049 and 144?
3
What is the highest common divisor of 17854834 and 9962?
586
What is the greatest common factor of 570661 and 3549?
91
What is the highest common divisor of 29212 and 174727?
109
Calculate the highest common divisor of 1854 and 535554.
18
What is the highest common divisor of 52435756 and 248?
124
Calculate the highest common divisor of 1899902925 and 23.
23
Calculate the greatest common divisor of 33758856 and 405.
81
What is the highest common factor of 2191 and 66603270?
313
Calculate the highest common factor of 584 and 1531412.
4
What is the greatest common factor of 92 and 85577549?
23
What is the greatest common factor of 3852436 and 112?
28
Calculate the greatest common divisor of 2730438 and 27387.
153
What is the highest common divisor of 289449695 and 138224?
8639
What is the highest common divisor of 37472 and 2984?
8
What is the greatest common divisor of 896053615 and 6415?
6415
Calculate the greatest common factor of 7163 and 242411.
377
Calculate the greatest common factor of 44690009 and 1274.
637
Calculate the highest common factor of 60 and 78418515.
15
What is the highest common factor of 1532 and 517618372?
1532
What is the highest common factor of 216 and 194738616?
72
Calculate the greatest common factor of 274 and 256230826.
274
Calculate the highest common factor of 11395281 and 1247819.
5497
Calculate the highest common divisor of 103081154 and 908.
454
Calculate the highest common divisor of 180784539 and 39.
39
What is the highest common divisor of 104 and 294338928?
104
Calculate the greatest common factor of 319615524 and 18.
18
What is the greatest common divisor of 71034 and 324?
6
Calculate the greatest common divisor of 24528 and 1365.
21
What is the highest common factor of 26364 and 29793348?
2028
Calculate the greatest common divisor of 36400 and 658580.
260
Calculate the highest common factor of 8236608 and 192.
192
What is the greatest common divisor of 70656 and 8924?
92
What is the highest common factor of 15748280 and 207680?
2360
What is the greatest common factor of 1160 and 2092520?
40
What is the highest common factor of 2335270 and 225351?
511
What is the highest common divisor of 167 and 4046911?
167
Calculate the greatest common divisor of 1393014 and 2380.
238
Calculate the highest common divisor of 13023 and 9933655.
1447
Calculate the highest common factor of 609682 and 52182.
446
Calculate the greatest common factor of 257135354 and 1932.
322
What is the highest common factor of 9746 and 2999996?
886
What is the highest common divisor of 15927595 and 45?
5
What is the highest common factor of 10025304 and 28?
4
Calculate the greatest common divisor of 1 and 16590249.
1
What is the greatest common factor of 76 and 152788?
4
What is the greatest common factor of 13191660 and 396?
36
What is the highest common factor of 15021894 and 4142?
38
Calculate the greatest common factor of 21484 and 570776170.
10742
Calculate the greatest common divisor of 12646 and 38614.
2
Calculate the highest common divisor of 1090 and 12999449.
109
Calculate the highest common factor of 28017 and 6725367.
99
What is the greatest common divisor of 14175 and 55241109?
567
What is the highest common factor of 4605608 and 5880?
392
What is the greatest common factor of 1720 and 9172640?
40
What is the highest common divisor of 2468662300 and 100?
100
What is the greatest common factor of 141252 and 60672?
948
Calculate the highest common divisor of 17541 and 14182873.
1949
What is the greatest common factor of 51972 and 304634?
122
Calculate the greatest common divisor of 39359960 and 1160.
1160
What is the highest common factor of 23807 and 31605493?
3401
What is the greatest common divisor of 3584 and 59647?
7
What is the highest common factor of 11093116 and 332?
332
Calculate the greatest common divisor of 592 and 76724754.
74
What is the greatest common divisor of 2573330 and 332400?
2770
Calculate the highest common divisor of 4 and 21223222.
2
Calculate the highest common factor of 441486 and 13536.
18
Calculate the highest common factor of 5232136 and 35.
7
Calculate the greatest common divisor of 7225 and 11983385.
1445
Calculate the highest common factor of 603 and 454752.
9
Calculate the greatest common factor of 3413736423 and 1746.
873
Calculate the greatest common factor of 588 and 747005.
49
What is the highest common factor of 223505 and 160?
5
What is the greatest common factor of 9927728 and 13447?
1921
What is the highest common divisor of 28176000 and 112?
16
Calculate the highest common factor of 820154 and 4859.
113
Calculate the highest common factor of 32864 and 1050068.
316
Calculate the greatest common factor of 1632 and 1298409.
51
What is the highest common factor of 6 and 2811720?
6
Calculate the highest common factor of 553247 and 131653.
761
Calculate the highest common divisor of 13324 and 356.
4
What is the greatest common divisor of 106756441 and 1606?
803
Calculate the highest common divisor of 18925 and 2696434.
757
What is the highest common factor of 2624 and 159028504?
328
Calculate the highest common divisor of 402886 and 8074.
22
What is the greatest common divisor of 6819877 and 6179?
37
What is the highest common divisor of 26 and 117716?
2
Calculate the greatest common divisor of 6298611 and 27918.
1551
What is the greatest common factor of 9 and 42634359?
9
What is the highest common divisor of 144517743 and 70110?
7011
What is the highest common factor of 12261 and 4317519?
183
Calculate the highest common divisor of 105675518 and 16315.
3263
Calculate the highest common divisor of 132386 and 4887548.
3578
What is the highest common factor of 423 and 197487?
9
Calculate the highest common factor of 253 and 15886583.
23
What is the highest common factor of 131 and 959799403?
131
What is the highest common divisor of 13355 and 25345119?
2671
What is the greatest common factor of 264383 and 322021?
1253
Calculate the greatest common factor of 1296 and 2252934.
162
Calculate the greatest common factor of 9304089 and 2583.
123
What is the greatest common factor of 92800 and 8192?
128
What is the greatest common factor of 166 and 6266749?
83
Calculate the greatest common divisor of 14 and 66978856.
14
Calculate the greatest common factor of 314075 and 78334.
739
What is the greatest common divisor of 5448 and 312168?
24
What is the greatest common divisor of 9329447 and 51?
17
Calculate the highest common divisor of 23188536 and 462.
42
What is the greatest common factor of 250 and 6246710?
10
Calculate the greatest common divisor of 36 and 619911264.
12
What is the greatest common factor of 4576 and 158288?
208
Calculate the greatest common factor of 29337897 and 1752.
219
Calculate the highest common divisor of 282065832 and 12.
12
What is the highest common factor of 3032 and 163384?
8
Calculate the greatest common divisor of 145031904 and 297.
27
What is the greatest common divisor of 336 and 4863306?
42
What is the greatest common divisor o